f 13117217?
7
What is the millions digit of 4107631?
4
What is the hundreds digit of 290463?
4
What is the ten thousands digit of 2016554?
1
What is the hundreds digit of 75414?
4
What is the units digit of 49037?
7
What is the ten millions digit of 13314992?
1
What is the tens digit of 4915708?
0
What is the ten thousands digit of 1927804?
2
What is the thousands digit of 315707?
5
What is the tens digit of 206048?
4
What is the tens digit of 7862477?
7
What is the thousands digit of 8573192?
3
What is the tens digit of 4427442?
4
What is the hundreds digit of 548186?
1
What is the hundred thousands digit of 309122?
3
What is the hundreds digit of 2591200?
2
What is the tens digit of 2222891?
9
What is the units digit of 219092?
2
What is the ten thousands digit of 29916?
2
What is the tens digit of 9267584?
8
What is the millions digit of 9308865?
9
What is the units digit of 155403?
3
What is the tens digit of 187238?
3
What is the units digit of 35475?
5
What is the thousands digit of 2019629?
9
What is the thousands digit of 1673962?
3
What is the units digit of 124126?
6
What is the ten thousands digit of 6950489?
5
What is the hundred thousands digit of 3068738?
0
What is the thousands digit of 7606544?
6
What is the thousands digit of 236008?
6
What is the ten thousands digit of 41161?
4
What is the ten thousands digit of 1811804?
1
What is the units digit of 1208571?
1
What is the hundred thousands digit of 857430?
8
What is the units digit of 8181746?
6
What is the thousands digit of 488053?
8
What is the ten thousands digit of 5390341?
9
What is the thousands digit of 250049?
0
What is the hundreds digit of 8108036?
0
What is the millions digit of 9743917?
9
What is the units digit of 933708?
8
What is the thousands digit of 11159946?
9
What is the hundreds digit of 2321797?
7
What is the hundred thousands digit of 505360?
5
What is the millions digit of 6964006?
6
What is the tens digit of 328519?
1
What is the ten thousands digit of 4593769?
9
What is the hundreds digit of 888708?
7
What is the thousands digit of 316228?
6
What is the units digit of 3192290?
0
What is the ten thousands digit of 149022?
4
What is the tens digit of 260370?
7
What is the thousands digit of 111361?
1
What is the tens digit of 218781?
8
What is the hundreds digit of 1841544?
5
What is the hundreds digit of 1619300?
3
What is the hundred thousands digit of 332875?
3
What is the millions digit of 1482679?
1
What is the hundreds digit of 628583?
5
What is the tens digit of 32394988?
8
What is the millions digit of 2394982?
2
What is the ten thousands digit of 1812339?
1
What is the thousands digit of 63968?
3
What is the hundreds digit of 351425?
4
What is the ten thousands digit of 602635?
0
What is the units digit of 1420523?
3
What is the tens digit of 571341?
4
What is the units digit of 7699200?
0
What is the units digit of 99256?
6
What is the millions digit of 1120400?
1
What is the hundreds digit of 248485?
4
What is the units digit of 2036766?
6
What is the hundred thousands digit of 3969507?
9
What is the thousands digit of 326306?
6
What is the units digit of 12756859?
9
What is the hundred thousands digit of 4688770?
6
What is the hundred thousands digit of 315341?
3
What is the hundred thousands digit of 7759585?
7
What is the hundreds digit of 3298382?
3
What is the millions digit of 2230400?
2
What is the thousands digit of 1954082?
4
What is the thousands digit of 1955271?
5
What is the units digit of 15183380?
0
What is the thousands digit of 4379246?
9
What is the ten thousands digit of 4237562?
3
What is the ten thousands digit of 10196?
1
What is the hundreds digit of 2273020?
0
What is the millions digit of 1184259?
1
What is the ten thousands digit of 6972838?
7
What is the tens digit of 3523041?
4
What is the hundreds digit of 3222318?
3
What is the ten thousands digit of 1005593?
0
What is the thousands digit of 8262301?
2
What is the hundred thousands digit of 2022764?
0
What is the units digit of 10690?
0
What is the units digit of 3778271?
1
What is the units digit of 553300?
0
What is the thousands digit of 11236069?
6
What is the thousands digit of 70995?
0
What is the hundred thousands digit of 531051?
5
What is the hundred thousands digit of 237815?
2
What is the units digit of 1877493?
3
What is the hundreds digit of 209050?
0
What is the thousands digit of 248693?
8
What is the hundred thousands digit of 2333909?
3
What is the hundred thousands digit of 13014745?
0
What is the units digit of 8606565?
5
What is the units digit of 280975?
5
What is the hundred thousands digit of 985481?
9
What is the units digit of 3816963?
3
What is the ten thousands digit of 2734191?
3
What is the thousands digit of 188304?
8
What is the hundreds digit of 2340492?
4
What is the ten thousands digit of 7428775?
2
What is the hundred thousands digit of 20389436?
3
What is the hundreds digit of 4766406?
4
What is the thousands digit of 2095943?
5
What is the millions digit of 4801912?
4
What is the units digit of 1459363?
3
What is the units digit of 208942?
2
What is the ten thousands digit of 337395?
3
What is the hundreds digit of 12069842?
8
What is the hundred thousands digit of 4252411?
2
What is the thousands digit of 4304221?
4
What is the hundreds digit of 21280291?
2
What is the hundred thousands digit of 996554?
9
What is the thousands digit of 8498664?
8
What is the tens digit of 28931410?
1
What is the hundred thousands digit of 453217?
4
What is the tens digit of 103562?
6
What is the tens digit of 3044622?
2
What is the units digit of 281217?
7
What is the hundreds digit of 718729?
7
What is the ten thousands digit of 352673?
5
What is the tens digit of 394399?
9
What is the hundreds digit of 358159?
1
What is the units digit of 773498?
8
What is the units digit of 1605499?
9
What is the thousands digit of 3355068?
5
What is the tens digit of 758740?
4
What is the hundreds digit of 2249051?
0
What is the units digit of 1889351?
1
What is the hundreds digit of 1145854?
8
What is the units digit of 5445721?
1
What is the hundred thousands digit of 184936?
1
What is the millions digit of 1568224?
1
What is the units digit of 2070185?
5
What is the hundreds digit of 703308?
3
What is the units digit of 11626142?
2
What is the tens digit of 2101581?
8
What is the units digit of 277081?
1
What is the hundreds digit of 245082?
0
What is the tens digit of 9506283?
8
What is the thousands digit of 725941?
5
What is the ten thousands digit of 60946?
6
What is the units digit of 1354337?
7
What is the tens digit of 927951?
5
What is the hundreds digit of 7315435?
4
What is the thousands digit of 442617?
2
What is the ten thousands digit of 1015716?
1
What is the thousands digit of 55774?
5
What is the ten thousands digit of 303265?
0
What is the thousands digit of 1037689?
7
What is the thousands digit of 159714?
9
What is the hundreds digit of 8422876?
8
What is the millions digit of 4435497?
4
What is the ten thousands digit of 2178228?
7
What is the thousands digit of 2038588?
8
What is the thousands digit of 56400?
6
What is the ten thousands digit of 156648?
5
What is the tens digit of 39634?
3
What is the hundred thousands digit of 4325017?
3
What is the thousands digit of 11920088?
0
What is the hundred thousands digit of 3179455?
1
What is the hundreds digit of 237373?
3
What is the millions digit of 5356375?
5
What is the millions digit of 8969298?
8
What is the ten thousands digit of 638682?
3
What is the units digit of 1428183?
3
What is the thousands digit of 31748?
1
What is the units digit of 13288808?
8
What is the units digit of 340725?
5
What is the units digit of 269961?
1
What is the hundred thousands digit of 4329244?
3
What is the units digit of 215994?
4
What is the tens digit of 944205?
0
What is the hundreds digit of 6804398?
3
What is the tens digit of 2078810?
1
What is the hundreds digit of 924019?
0
What is the units digit of 3861284?
4
What is the hundred thousands digit of 3506568?
5
What is the hundred thousands digit of 279039?
2
What is the millions digit of 3508322?
3
What is the units digit of 5776021?
1
What is the tens digit of 804000?
0
What is the millions digit of 1058670?
1
What is the thousand